 units digit of n?
3
Let j = 78 - 74. Suppose 2*v = j*u + 250, -4*u = -3*v + 320 + 45. What is the hundreds digit of v?
1
Let a = 116 + -109. Let v(z) = 4*z**2 + 10*z - 13. What is the tens digit of v(a)?
5
Suppose 17*c - 18475 - 36622 = 0. What is the units digit of c?
1
Suppose 2*u = 2*k - 124, -2*k + 7*k = -4*u - 212. Let d = -23 - u. What is the units digit of d?
5
What is the units digit of ((-6)/12)/(1/(-340))?
0
Let t(y) = 7*y - 3. Let v be t(5). Suppose 2*x + 3 = 11. Suppose -76 = -5*r + 4*s, 0*s + v = x*r + 4*s. What is the tens digit of r?
1
Let b = -38 + 17. Let l = 24 + b. What is the units digit of l?
3
Suppose -10*m - 753 = -12*m + 5*q, 0 = 4*m - 5*q - 1501. What is the units digit of m?
4
Let m = -1107 + 2916. What is the units digit of m?
9
Let u = -18 - -27. Suppose -5*z + u = -2*z. Suppose 3*f - 69 = -z*l, 0 = -2*f + 4*f - 4*l - 58. What is the units digit of f?
5
Let b be (-4)/(3 + 1)*1*-5. Suppose -4*i = -b*u + 449, -3*u - 3*i = -348 + 57. What is the tens digit of u?
9
Suppose 1 - 1 = 17*s. Suppose d = -h + 163, s = d - 4*d - 9. What is the hundreds digit of h?
1
Let u = 1060 + -553. What is the tens digit of u?
0
Suppose -2*k - 24 = -a + 1, 0 = -3*a + 2*k + 59. Let v = 66 + a. What is the units digit of v?
3
Let q(i) = -i**2 - 8*i + 9. Let u be q(-9). Let p be (-65)/(-10) + (-3)/(-6). Let v = u + p. What is the units digit of v?
7
Let k = 13 + -1. Suppose -k = -h + 14. Let u = -6 + h. What is the tens digit of u?
2
What is the units digit of (2 - 2)/(-1) - -4 - -116?
0
Let n be (-22)/4 - 6/(-4). Let m be (-25824)/(-112) + n/7. What is the units digit of 4/(-14) + m/70?
3
Let d(h) = 27*h**3 - 16*h**2 + 35*h. What is the units digit of d(2)?
2
Suppose -2*q = -n - 2388, -7*n + 4*q = -2*n + 11940. What is the tens digit of ((-3)/6)/(n/1192 + 2)?
4
Suppose 2*o + 5*k - 13 = 0, -5*o = 5*k + 3 + 2. Let i be 2/o - 9/(-27). Suppose i = 3*r - 6*r + 147. What is the units digit of r?
9
Suppose 5*l = 4*x + 302 - 111, 82 = -2*x - 2*l. Let c be (-1)/(3 - (-136)/x). Suppose -2*p + c = r, 7*r - p - 22 = 2*r. What is the units digit of r?
5
Suppose 4*z - 2*t = 1768, -5*t - 442 = -3*z + 2*z. What is the tens digit of z?
4
Suppose -133*y = -134*y + 4*n + 3888, 2*n = 4*y - 15524. What is the thousands digit of y?
3
Let t(b) = 12*b**2 - 17*b + 8. Let a(k) = 18*k**2 - 26*k + 13. Let l(p) = -5*a(p) + 8*t(p). What is the tens digit of l(8)?
3
Let q = -63 - -1645. What is the thousands digit of q?
1
Let o(g) = 201*g + 8. What is the units digit of o(4)?
2
Let w(z) = z + 2. Let o be w(-2). Suppose -5*a + 22 = -g, o*a - 4*g = -a + 12. Suppose 2 = a*c - 74. What is the units digit of c?
9
Let f(w) be the second derivative of -w**4/12 + 23*w**2 - 3*w. Let x be f(0). Let b = -25 + x. What is the units digit of b?
1
Let s be -2*5/(30/(-1383)). Suppose -s = -5*i - 36. What is the units digit of i?
5
Let q be (-4 + 99/6)*2. Let j be q/(-1 + 1 + 1). Suppose 0 = 5*v - j, 0*u - 3*v = -5*u + 5. What is the units digit of u?
4
What is the hundreds digit of 14 + 2400/(-170) + (-10440)/(-17)?
6
Let j be -2*1 + -5 + -5. Let o(w) = w**2 + 8*w + 8. What is the units digit of o(j)?
6
Let l(g) = 9*g**2 - g + 1. Let a be l(1). Suppose 3*f + 70 = 4*k - a, 2*k - 5*f = 43. What is the tens digit of k?
1
Suppose 2*m - 5*w = 7, 21 = 3*m + 4*w - w. What is the units digit of ((-15)/4)/(m/(-80))?
0
Let t(d) = -d + 22. Let i be t(4). Let b = i - 3. What is the units digit of b?
5
Suppose 267 - 1737 = -7*b. What is the hundreds digit of b?
2
Let m = 2526 - -58. What is the tens digit of m?
8
Let y = 21 - 20. Let o be (y*-7)/(5/55). Let z = 114 + o. What is the tens digit of z?
3
Suppose -20*k = -15*k + 30. What is the tens digit of (2/(-2) + k)*1*-22?
5
Let j = 833 - 154. What is the units digit of j?
9
Suppose -31 = -5*q + 4*u, -4*q + 32 = -2*u - 3*u. Suppose 176 = 5*j + q*j. What is the tens digit of j?
2
Suppose 1978 - 634 = 24*w. Suppose 41 = 5*z - 34. Let g = w - z. What is the tens digit of g?
4
Let k(s) = 100*s**2 - s + 2. Let j be k(2). Let i = -30 - -42. What is the tens digit of i/(-10)*j/(-12)?
4
Suppose 5*q + 16 = q - 4*c, 5*q - 3*c - 12 = 0. Suppose q = 7*t - 205 - 698. Suppose 1 + t = 5*j. What is the units digit of j?
6
Let a(o) = -o**3 - 2 + o + 5 + 5*o**2 - 2*o - 3*o. Let i be a(3). Let r = 20 + i. What is the tens digit of r?
2
Let j(m) = -29*m - 21. Let y = -142 - -134. What is the tens digit of j(y)?
1
Let u(h) = h**2 - 2*h + 2. Let i be u(-2). What is the units digit of (-6)/i*(-121 + 6)?
9
Let r be (-1 + 2)/(-2 - (-20)/8). Suppose -5*b + 240 = -r*b. What is the units digit of b?
0
Let w = -14 + 26. Let m = 12 + w. What is the units digit of m?
4
Suppose -32*s + 36*s - 16 = 0. Suppose 0 = -4*l - s*h + 752, 5*l - 4*h = h + 970. What is the units digit of l?
1
Suppose 4*k = 2*k + 2. What is the tens digit of (-3 + 4/k)*38?
3
Let y = -372 - -749. What is the tens digit of y?
7
Let x(y) = 2*y + 3. Let j be x(4). Let i(s) be the third derivative of s**4/24 + 8*s**2. What is the tens digit of i(j)?
1
Let h(k) = k**2 + 2*k - 1. Suppose 2*b + 0 = -6. Let p be h(b). What is the units digit of p - 2/(-2) - -13?
6
Let r(z) = -13*z + 93. What is the hundreds digit of r(-28)?
4
Let w(r) = -56*r - 13. Let l(k) = -14*k - 3. Let f(a) = -9*l(a) + 2*w(a). Let z be f(1). Let g = -10 + z. What is the units digit of g?
5
Let r(a) = -a**2 + a - 2. Let h(z) = -2*z**2 + 2*z - 5. Let l(w) = 2*h(w) - 5*r(w). Let v be l(0). Suppose 44 = 4*d - v. What is the units digit of d?
1
Let t(i) = 7*i**2 - 22*i - 159. What is the hundreds digit of t(-9)?
6
Suppose -131*b + 67826 = -109*b. What is the thousands digit of b?
3
Let k be 4/(-14) - (-256)/14. Suppose 6*h + k = 450. What is the tens digit of h?
7
Let q(c) be the third derivative of c**5/60 - c**4/4 + 5*c**3/6 - 2*c**2. Let o be q(5). What is the tens digit of 35 - (-1)/(o + 1)?
3
Suppose -37*b - 2*k = -36*b - 628, -b - 5*k = -640. What is the hundreds digit of b?
6
Let u = 1109 - 574. What is the units digit of u?
5
Suppose 0 = 3*d - 25 + 10. Suppose -590 = -d*l + 635. What is the hundreds digit of l?
2
Let j(b) = 3*b**2 + 3*b + 1. Let r(l) = -l**2 + 13*l + 10. Let g be r(14). What is the tens digit of j(g)?
3
Let r = -1042 - -2184. What is the thousands digit of r?
1
Let z be -72 - (1 + 0)/((-11)/11). Let h = 125 + z. What is the tens digit of h?
5
Suppose 6*c + 5*c - 286 = 0. What is the tens digit of c?
2
Let f = 683 - -606. What is the thousands digit of f?
1
Suppose -8*w - 20 = -9*w. Let i = 64 - w. What is the units digit of i?
4
Suppose -3973 = -7*m + 675. What is the units digit of m?
4
Let y(j) = 9 + 2*j + 2 - 14 + 1. Suppose 6*l - 40 = l. What is the tens digit of y(l)?
1
Let w(k) = 72*k**2 - 60*k - 393. What is the units digit of w(-7)?
5
Let a(o) = o + 8. Let k be a(-5). Suppose 3*p = r - k*r + 25, 4*r - 25 = -p. Suppose 9 = r*i - 16. What is the units digit of i?
5
Let r be (2*-17)/((10/18)/5). What is the hundreds digit of (r/(-4))/(6/12) - 0?
1
Let v(m) be the first derivative of m**3 - m**2 + 6*m - 15. What is the units digit of v(4)?
6
Suppose a - 479 - 326 = -4*f, 0 = -f + 4*a + 214. What is the hundreds digit of f?
2
Let g(b) = -b**2 + 2*b + 3. Let u be g(0). Suppose 4*m + o = -u*o + 24, -12 = -4*m - o. Suppose -v + 7 = -m*k, v - 3*v - 4*k = -46. What is the tens digit of v?
1
Let y be 10*(1 - 14) + (-1 - 2). Let p = -83 - y. What is the tens digit of p?
5
Let r = -505 + 721. Suppose -2*m + r = 3*m - 2*o, 0 = 2*m + 2*o - 78. What is the units digit of m?
2
Let g = 29 + -21. Suppose -o = 2*o - 4*u - g, -4*o - u = -17. Suppose 2*a = -5*j + 90, o*a - 2*a = 2*j - 36. What is the units digit of j?
8
Let c(w) = 7*w**2 + 5*w - 15. Let l be c(5). Suppose -l + 511 = 2*b. What is the tens digit of b?
6
Suppose 5*w - 3*c + 107 = -138, 4*w = c - 203. Let a be w/14 - (-4)/(-14). Let k(x) = -x**3 - 2*x**2 + 5*x - 3. What is the units digit of k(a)?
9
Let g = -94 + 54. Let r = 96 + g. What is the tens digit of r?
5
Suppose -1815 = -2*k - 3*r - 325, -3*r = 3*k - 2232. What is the hundreds digit of k?
7
Let i(m) = -23*m + 1. Let l(u) = 115*u - 5. Let c(k) = -11*i(k) - 2*l(k). What is the units digit of c(3)?
8
What is the thousands digit of 14*(-3 + (-573)/(-6))?
1
Suppose -3*y + 0*y + 3*a = 0, -4*y - 3*a + 7 = 0. Suppose r +